Dec 02 23:12:24.660 INFO testing parity-codec-derive-2.1.0 against master#8940af3cea4a9a9deabcaf843b2f8cad9a83fc61 for beta-1.31-5
Dec 02 23:12:24.661 INFO running `"docker" "create" "-v" "/mnt/big/crater/work/local/target-dirs/beta-1.31-5/worker-3/master#8940af3cea4a9a9deabcaf843b2f8cad9a83fc61:/target:rw,Z" "-v" "/mnt/big/crater/work/local/test-source/worker-3/beta-1.31-5/master#8940af3cea4a9a9deabcaf843b2f8cad9a83fc61:/source:ro,Z" "-v" "/mnt/big/crater/work/local/cargo-home:/cargo-home:ro,Z" "-v" "/mnt/big/crater/work/local/rustup-home:/rustup-home:ro,Z" "-e" "USER_ID=1000" "-e" "SOURCE_DIR=/source" "-e" "USER_ID=1000" "-e" "CMD=cargo +8940af3cea4a9a9deabcaf843b2f8cad9a83fc61-alt build --frozen" "-e" "CARGO_TARGET_DIR=/target" "-e" "CARGO_INCREMENTAL=0" "-e" "RUST_BACKTRACE=full" "-e" "RUSTFLAGS=--cap-lints=warn" "-e" "CARGO_HOME=/cargo-home" "-e" "RUSTUP_HOME=/rustup-home" "-m" "1536M" "--network" "none" "crater"`
Dec 02 23:12:24.836 INFO [stdout] a24059a77bf791da9ebfb9c345f4f910e9994dc0547773a8c0647a2445b374ae
Dec 02 23:12:24.838 INFO running `"docker" "start" "-a" "a24059a77bf791da9ebfb9c345f4f910e9994dc0547773a8c0647a2445b374ae"`
Dec 02 23:12:25.247 INFO [stderr] usermod: no changes
Dec 02 23:12:25.299 INFO [stderr]    Compiling parity-codec-derive v2.1.0 (/source)
Dec 02 23:12:30.283 INFO [stderr]     Finished dev [unoptimized + debuginfo] target(s) in 5.01s
Dec 02 23:12:30.287 INFO [stderr] su: No module specific data is present
Dec 02 23:12:30.644 INFO running `"docker" "inspect" "a24059a77bf791da9ebfb9c345f4f910e9994dc0547773a8c0647a2445b374ae"`
Dec 02 23:12:30.732 INFO running `"docker" "rm" "-f" "a24059a77bf791da9ebfb9c345f4f910e9994dc0547773a8c0647a2445b374ae"`
Dec 02 23:12:30.823 INFO [stdout] a24059a77bf791da9ebfb9c345f4f910e9994dc0547773a8c0647a2445b374ae
Dec 02 23:12:30.828 INFO running `"docker" "create" "-v" "/mnt/big/crater/work/local/target-dirs/beta-1.31-5/worker-3/master#8940af3cea4a9a9deabcaf843b2f8cad9a83fc61:/target:rw,Z" "-v" "/mnt/big/crater/work/local/test-source/worker-3/beta-1.31-5/master#8940af3cea4a9a9deabcaf843b2f8cad9a83fc61:/source:ro,Z" "-v" "/mnt/big/crater/work/local/cargo-home:/cargo-home:ro,Z" "-v" "/mnt/big/crater/work/local/rustup-home:/rustup-home:ro,Z" "-e" "USER_ID=1000" "-e" "SOURCE_DIR=/source" "-e" "USER_ID=1000" "-e" "CMD=cargo +8940af3cea4a9a9deabcaf843b2f8cad9a83fc61-alt test --frozen --no-run" "-e" "CARGO_TARGET_DIR=/target" "-e" "CARGO_INCREMENTAL=0" "-e" "RUST_BACKTRACE=full" "-e" "RUSTFLAGS=--cap-lints=warn" "-e" "CARGO_HOME=/cargo-home" "-e" "RUSTUP_HOME=/rustup-home" "-m" "1536M" "--network" "none" "crater"`
Dec 02 23:12:31.058 INFO [stdout] 9df39dfa75b4e2d69eeb689f631d9d437f5a04e7361edd188eda89f1dfa4a665
Dec 02 23:12:31.060 INFO running `"docker" "start" "-a" "9df39dfa75b4e2d69eeb689f631d9d437f5a04e7361edd188eda89f1dfa4a665"`
Dec 02 23:12:31.656 INFO [stderr] usermod: no changes
Dec 02 23:12:31.701 INFO [stderr]    Compiling parity-codec-derive v2.1.0 (/source)
Dec 02 23:12:33.043 INFO [stderr] error[E0507]: cannot move out of borrowed content
Dec 02 23:12:33.043 INFO [stderr]   --> tests/mod.rs:69:28
Dec 02 23:12:33.043 INFO [stderr]    |
Dec 02 23:12:33.043 INFO [stderr] 69 | #[derive(Debug, PartialEq, Encode, Decode)]
Dec 02 23:12:33.043 INFO [stderr]    |                            ^^^^^^ cannot move out of borrowed content
Dec 02 23:12:33.043 INFO [stderr] 
Dec 02 23:12:33.047 INFO [stderr] error[E0507]: cannot move out of borrowed content
Dec 02 23:12:33.047 INFO [stderr]   --> tests/mod.rs:75:28
Dec 02 23:12:33.047 INFO [stderr]    |
Dec 02 23:12:33.047 INFO [stderr] 75 | #[derive(Debug, PartialEq, Encode, Decode)]
Dec 02 23:12:33.047 INFO [stderr]    |                            ^^^^^^ cannot move out of borrowed content
Dec 02 23:12:33.047 INFO [stderr] 
Dec 02 23:12:33.047 INFO [stderr] error[E0507]: cannot move out of borrowed content
Dec 02 23:12:33.047 INFO [stderr]   --> tests/mod.rs:75:28
Dec 02 23:12:33.047 INFO [stderr]    |
Dec 02 23:12:33.047 INFO [stderr] 75 | #[derive(Debug, PartialEq, Encode, Decode)]
Dec 02 23:12:33.047 INFO [stderr]    |                            ^^^^^^ cannot move out of borrowed content
Dec 02 23:12:33.047 INFO [stderr] 
Dec 02 23:12:33.093 INFO [stderr] error: aborting due to 3 previous errors
Dec 02 23:12:33.093 INFO [stderr] 
Dec 02 23:12:33.093 INFO [stderr] For more information about this error, try `rustc --explain E0507`.
Dec 02 23:12:33.101 INFO [stderr] error: Could not compile `parity-codec-derive`.
Dec 02 23:12:33.101 INFO [stderr] warning: build failed, waiting for other jobs to finish...
Dec 02 23:12:35.389 INFO [stderr] error: build failed
Dec 02 23:12:35.399 INFO [stderr] su: No module specific data is present
Dec 02 23:12:35.937 INFO running `"docker" "inspect" "9df39dfa75b4e2d69eeb689f631d9d437f5a04e7361edd188eda89f1dfa4a665"`
Dec 02 23:12:36.176 INFO running `"docker" "rm" "-f" "9df39dfa75b4e2d69eeb689f631d9d437f5a04e7361edd188eda89f1dfa4a665"`
Dec 02 23:12:36.403 INFO [stdout] 9df39dfa75b4e2d69eeb689f631d9d437f5a04e7361edd188eda89f1dfa4a665
